{"id":201,"date":"2008-12-20T17:14:48","date_gmt":"2008-12-20T16:14:48","guid":{"rendered":"http:\/\/sw-osterfeine.de\/?page_id=201"},"modified":"2017-08-09T12:27:59","modified_gmt":"2017-08-09T10:27:59","slug":"turnen-2","status":"publish","type":"page","link":"https:\/\/sw-osterfeine.de\/?page_id=201","title":{"rendered":"GESUNDHEIT\/FITNESS"},"content":{"rendered":"<p>Neben Fu\u00dfball und Handball ist der Bereich <strong>Gesundheit und Fitness <\/strong>ein gro\u00dfer Baustein der Sportangebote des <strong>SWO<\/strong>.<\/p>\n<p>Wir bieten nicht nur Tanzen und Kinderturnen an, sondern beziehen uns auf alle Altersgruppen. Egal ob jung oder alt, Mann oder Frau &#8211; f\u00fcr <strong>jeden <\/strong>ist etwas dabei. Angefangen beim Kinderturnen der 3-4 J\u00e4hrigen, \u00fcber Jazz und HipHop ab der 5. Klasse, bis zur Senioren-Fitness ist alles dabei.<\/p>\n<p>Jeder ist herzlich eingeladen, unsere Sportangebote anzunehmen und gemeinsam mit anderen seine Freude bei der Bewegung zu teilen.<\/p>\n<p style=\"text-align: justify;\">Wir freuen uns auf Euch!<\/p>\n","protected":false},"excerpt":{"rendered":"<p>Neben Fu\u00dfball und Handball ist der Bereich Gesundheit und Fitness ein gro\u00dfer Baustein der Sportangebote des SWO. Wir bieten nicht nur Tanzen und Kinderturnen an, sondern beziehen uns auf alle Altersgruppen. Egal ob jung oder alt, Mann oder Frau &#8211; f\u00fcr jeden ist etwas dabei. Angefangen beim Kinderturnen der 3-4 J\u00e4hrigen, \u00fcber Jazz und HipHop [&hellip;]<\/p>\n","protected":false},"author":3,"featured_media":0,"parent":0,"menu_order":4,"comment_status":"closed","ping_status":"closed","template":"","meta":{"footnotes":""},"_links":{"self":[{"href":"https:\/\/sw-osterfeine.de\/index.php?rest_route=\/wp\/v2\/pages\/201"}],"collection":[{"href":"https:\/\/sw-osterfeine.de\/index.php?rest_route=\/wp\/v2\/pages"}],"about":[{"href":"https:\/\/sw-osterfeine.de\/index.php?rest_route=\/wp\/v2\/types\/page"}],"author":[{"embeddable":true,"href":"https:\/\/sw-osterfeine.de\/index.php?rest_route=\/wp\/v2\/users\/3"}],"replies":[{"embeddable":true,"href":"https:\/\/sw-osterfeine.de\/index.php?rest_route=%2Fwp%2Fv2%2Fcomments&post=201"}],"version-history":[{"count":8,"href":"https:\/\/sw-osterfeine.de\/index.php?rest_route=\/wp\/v2\/pages\/201\/revisions"}],"predecessor-version":[{"id":19638,"href":"https:\/\/sw-osterfeine.de\/index.php?rest_route=\/wp\/v2\/pages\/201\/revisions\/19638"}],"wp:attachment":[{"href":"https:\/\/sw-osterfeine.de\/index.php?rest_route=%2Fwp%2Fv2%2Fmedia&parent=201"}],"curies":[{"name":"wp","href":"https:\/\/api.w.org\/{rel}","templated":true}]}}