{"id":25814,"date":"2019-09-21T10:26:24","date_gmt":"2019-09-21T08:26:24","guid":{"rendered":"https:\/\/sw-osterfeine.de\/?page_id=25814"},"modified":"2025-09-22T11:17:01","modified_gmt":"2025-09-22T09:17:01","slug":"dart","status":"publish","type":"page","link":"https:\/\/sw-osterfeine.de\/?page_id=25814","title":{"rendered":"Darts"},"content":{"rendered":"\n<p><strong>Ansprechpartner:<\/strong> <br \/>Michael Brune\u00a0<br \/>Mobil:\u00a0<\/p>\n<p>Mattis Krimpenfort:\u00a0<\/p>\n<p>Mobil:\u00a0\u00a0<br \/>\u00a0<br \/><br \/><strong>Informationen:<\/strong><br \/>&#8211; Die Dartabteilung gibt es seit Anfang 2019 <br \/>&#8211; Mit 30 aktiven Dartern sind wir eine lustige, gemischte Truppe<br \/>&#8211; F\u00fcr Jung und Alt <br \/>&#8211; F\u00fcr Leute die wenig Zeit haben realisierbar (1x w\u00f6chentlich Training, alle 3 Wochen ca. ein Spiel) <br \/>&#8211; Trainiert wird im alten und nun umgebauten Clubraum beim Sportplatz in\u00a0 R\u00fcschendorf <br \/>&#8211; Regelm\u00e4\u00dfig fahren wir auf Turniere im Umkreis, um uns mit anderen Dartspielern zu messen (Kein Muss) <br \/>&#8211; Wir veranstalten j\u00e4hrlich ein eigenes Dartturnier in der Sporthalle in Osterfeine<br \/>&#8211; Au\u00dferdem gibt es ein monatliches Dartturnier beim Trainingsraum in R\u00fcschendorf <br \/>&#8211; Egal ob Anf\u00e4nger oder Profi sind bei uns alle Herzlich Willkommen<br \/><br \/><br \/>Bilder:<\/p>\n<p><br \/><a href=\"https:\/\/sw-osterfeine.de\/wp-content\/uploads\/2019\/10\/Screenshot_2019-10-09_162150.jpg\" data-rel=\"lightbox-image-0\" data-rl_title=\"\" data-rl_caption=\"\" title=\"\"><img loading=\"lazy\" decoding=\"async\" class=\"alignnone size-medium wp-image-26080\" src=\"https:\/\/sw-osterfeine.de\/wp-content\/uploads\/2019\/10\/Screenshot_2019-10-09_162150-169x300.jpg\" alt=\"\" width=\"169\" height=\"300\" srcset=\"https:\/\/sw-osterfeine.de\/wp-content\/uploads\/2019\/10\/Screenshot_2019-10-09_162150-169x300.jpg 169w, https:\/\/sw-osterfeine.de\/wp-content\/uploads\/2019\/10\/Screenshot_2019-10-09_162150-768x1365.jpg 768w, https:\/\/sw-osterfeine.de\/wp-content\/uploads\/2019\/10\/Screenshot_2019-10-09_162150-576x1024.jpg 576w, https:\/\/sw-osterfeine.de\/wp-content\/uploads\/2019\/10\/Screenshot_2019-10-09_162150.jpg 1440w\" sizes=\"(max-width: 169px) 100vw, 169px\" \/><\/a> <a href=\"https:\/\/sw-osterfeine.de\/wp-content\/uploads\/2019\/10\/Screenshot_2019-10-09_162347.jpg\" data-rel=\"lightbox-image-1\" data-rl_title=\"\" data-rl_caption=\"\" title=\"\"><img loading=\"lazy\" decoding=\"async\" class=\"alignnone size-medium wp-image-26082\" src=\"https:\/\/sw-osterfeine.de\/wp-content\/uploads\/2019\/10\/Screenshot_2019-10-09_162347-169x300.jpg\" alt=\"\" width=\"169\" height=\"300\" srcset=\"https:\/\/sw-osterfeine.de\/wp-content\/uploads\/2019\/10\/Screenshot_2019-10-09_162347-169x300.jpg 169w, https:\/\/sw-osterfeine.de\/wp-content\/uploads\/2019\/10\/Screenshot_2019-10-09_162347-768x1365.jpg 768w, https:\/\/sw-osterfeine.de\/wp-content\/uploads\/2019\/10\/Screenshot_2019-10-09_162347-576x1024.jpg 576w, https:\/\/sw-osterfeine.de\/wp-content\/uploads\/2019\/10\/Screenshot_2019-10-09_162347.jpg 1440w\" sizes=\"(max-width: 169px) 100vw, 169px\" \/><\/a> <a href=\"https:\/\/sw-osterfeine.de\/wp-content\/uploads\/2019\/10\/Screenshot_2019-10-09_162159.jpg\" data-rel=\"lightbox-image-2\" data-rl_title=\"\" data-rl_caption=\"\" title=\"\"><img loading=\"lazy\" decoding=\"async\" class=\"alignnone size-medium wp-image-26084\" src=\"https:\/\/sw-osterfeine.de\/wp-content\/uploads\/2019\/10\/Screenshot_2019-10-09_162159-169x300.jpg\" alt=\"\" width=\"169\" height=\"300\" srcset=\"https:\/\/sw-osterfeine.de\/wp-content\/uploads\/2019\/10\/Screenshot_2019-10-09_162159-169x300.jpg 169w, https:\/\/sw-osterfeine.de\/wp-content\/uploads\/2019\/10\/Screenshot_2019-10-09_162159-768x1365.jpg 768w, https:\/\/sw-osterfeine.de\/wp-content\/uploads\/2019\/10\/Screenshot_2019-10-09_162159-576x1024.jpg 576w, https:\/\/sw-osterfeine.de\/wp-content\/uploads\/2019\/10\/Screenshot_2019-10-09_162159.jpg 1440w\" sizes=\"(max-width: 169px) 100vw, 169px\" \/><\/a> <a href=\"https:\/\/sw-osterfeine.de\/wp-content\/uploads\/2019\/10\/Screenshot_2019-10-09_162311-1.jpg\" data-rel=\"lightbox-image-3\" data-rl_title=\"\" data-rl_caption=\"\" title=\"\"><img loading=\"lazy\" decoding=\"async\" class=\"alignnone size-medium wp-image-26085\" src=\"https:\/\/sw-osterfeine.de\/wp-content\/uploads\/2019\/10\/Screenshot_2019-10-09_162311-1-169x300.jpg\" alt=\"\" width=\"169\" height=\"300\" srcset=\"https:\/\/sw-osterfeine.de\/wp-content\/uploads\/2019\/10\/Screenshot_2019-10-09_162311-1-169x300.jpg 169w, https:\/\/sw-osterfeine.de\/wp-content\/uploads\/2019\/10\/Screenshot_2019-10-09_162311-1-768x1365.jpg 768w, https:\/\/sw-osterfeine.de\/wp-content\/uploads\/2019\/10\/Screenshot_2019-10-09_162311-1-576x1024.jpg 576w, https:\/\/sw-osterfeine.de\/wp-content\/uploads\/2019\/10\/Screenshot_2019-10-09_162311-1.jpg 1440w\" sizes=\"(max-width: 169px) 100vw, 169px\" \/><\/a> <a href=\"https:\/\/sw-osterfeine.de\/wp-content\/uploads\/2019\/10\/Screenshot_2019-10-09_162336.jpg\" data-rel=\"lightbox-image-4\" data-rl_title=\"\" data-rl_caption=\"\" title=\"\"><img loading=\"lazy\" decoding=\"async\" class=\"alignnone size-medium wp-image-26086\" src=\"https:\/\/sw-osterfeine.de\/wp-content\/uploads\/2019\/10\/Screenshot_2019-10-09_162336-169x300.jpg\" alt=\"\" width=\"169\" height=\"300\" srcset=\"https:\/\/sw-osterfeine.de\/wp-content\/uploads\/2019\/10\/Screenshot_2019-10-09_162336-169x300.jpg 169w, https:\/\/sw-osterfeine.de\/wp-content\/uploads\/2019\/10\/Screenshot_2019-10-09_162336-768x1365.jpg 768w, https:\/\/sw-osterfeine.de\/wp-content\/uploads\/2019\/10\/Screenshot_2019-10-09_162336-576x1024.jpg 576w, https:\/\/sw-osterfeine.de\/wp-content\/uploads\/2019\/10\/Screenshot_2019-10-09_162336.jpg 1440w\" sizes=\"(max-width: 169px) 100vw, 169px\" \/><\/a><br \/>\u00a0<br \/><br \/><br \/><strong>Trainingszeiten:<\/strong><br \/>Wir trainieren in 1 Gruppe dienstags und donnerstags ab 19:00 Uhr. <br \/><br \/><strong>Interesse?<\/strong><br \/>Meldet euch einfach kurz via Whatsapp oder Telefon bei Abteilungsleiter Andreas Lange. <br \/>Jeder ist Herzlich Willkommen. <br \/><br \/>Wir freuen uns auf Dich!<\/p>\n","protected":false},"excerpt":{"rendered":"<p>Ansprechpartner: Michael Brune\u00a0Mobil:\u00a0 Mattis Krimpenfort:\u00a0 Mobil:\u00a0\u00a0\u00a0 Informationen:&#8211; Die Dartabteilung gibt es seit Anfang 2019 &#8211; Mit 30 aktiven Dartern sind wir eine lustige, gemischte Truppe&#8211; F\u00fcr Jung und Alt &#8211; F\u00fcr Leute die wenig Zeit haben realisierbar (1x w\u00f6chentlich Training, alle 3 Wochen ca. ein Spiel) &#8211; Trainiert wird im alten und nun umgebauten Clubraum [&hellip;]<\/p>\n","protected":false},"author":3,"featured_media":0,"parent":0,"menu_order":6,"comment_status":"closed","ping_status":"closed","template":"","meta":{"footnotes":""},"_links":{"self":[{"href":"https:\/\/sw-osterfeine.de\/index.php?rest_route=\/wp\/v2\/pages\/25814"}],"collection":[{"href":"https:\/\/sw-osterfeine.de\/index.php?rest_route=\/wp\/v2\/pages"}],"about":[{"href":"https:\/\/sw-osterfeine.de\/index.php?rest_route=\/wp\/v2\/types\/page"}],"author":[{"embeddable":true,"href":"https:\/\/sw-osterfeine.de\/index.php?rest_route=\/wp\/v2\/users\/3"}],"replies":[{"embeddable":true,"href":"https:\/\/sw-osterfeine.de\/index.php?rest_route=%2Fwp%2Fv2%2Fcomments&post=25814"}],"version-history":[{"count":8,"href":"https:\/\/sw-osterfeine.de\/index.php?rest_route=\/wp\/v2\/pages\/25814\/revisions"}],"predecessor-version":[{"id":37539,"href":"https:\/\/sw-osterfeine.de\/index.php?rest_route=\/wp\/v2\/pages\/25814\/revisions\/37539"}],"wp:attachment":[{"href":"https:\/\/sw-osterfeine.de\/index.php?rest_route=%2Fwp%2Fv2%2Fmedia&parent=25814"}],"curies":[{"name":"wp","href":"https:\/\/api.w.org\/{rel}","templated":true}]}}

<p><strong>Ansprechpartner:</strong> <br />Michael Brune <br />Mobil: </p>
<p>Mattis Krimpenfort: </p>
<p>Mobil:  <br /> <br /><br /><strong>Informationen:</strong><br />&#8211; Die Dartabteilung gibt es seit Anfang 2019 <br />&#8211; Mit 30 aktiven Dartern sind wir eine lustige, gemischte Truppe<br />&#8211; Für Jung und Alt <br />&#8211; Für Leute die wenig Zeit haben realisierbar (1x wöchentlich Training, alle 3 Wochen ca. ein Spiel) <br />&#8211; Trainiert wird im alten und nun umgebauten Clubraum beim Sportplatz in  Rüschendorf <br />&#8211; Regelmäßig fahren wir auf Turniere im Umkreis, um uns mit anderen Dartspielern zu messen (Kein Muss) <br />&#8211; Wir veranstalten jährlich ein eigenes Dartturnier in der Sporthalle in Osterfeine<br />&#8211; Außerdem gibt es ein monatliches Dartturnier beim Trainingsraum in Rüschendorf <br />&#8211; Egal ob Anfänger oder Profi sind bei uns alle Herzlich Willkommen<br /><br /><br />Bilder:</p>
<p><br /><a href="https://sw-osterfeine.de/wp-content/uploads/2019/10/Screenshot_2019-10-09_162150.jpg" data-rel="lightbox-image-0" data-rl_title="" data-rl_caption="" title=""><img loading="lazy" decoding="async" class="alignnone size-medium wp-image-26080" src="https://sw-osterfeine.de/wp-content/uploads/2019/10/Screenshot_2019-10-09_162150-169x300.jpg" alt="" width="169" height="300" srcset="https://sw-osterfeine.de/wp-content/uploads/2019/10/Screenshot_2019-10-09_162150-169x300.jpg 169w, https://sw-osterfeine.de/wp-content/uploads/2019/10/Screenshot_2019-10-09_162150-768x1365.jpg 768w, https://sw-osterfeine.de/wp-content/uploads/2019/10/Screenshot_2019-10-09_162150-576x1024.jpg 576w, https://sw-osterfeine.de/wp-content/uploads/2019/10/Screenshot_2019-10-09_162150.jpg 1440w" sizes="(max-width: 169px) 100vw, 169px" /></a> <a href="https://sw-osterfeine.de/wp-content/uploads/2019/10/Screenshot_2019-10-09_162347.jpg" data-rel="lightbox-image-1" data-rl_title="" data-rl_caption="" title=""><img loading="lazy" decoding="async" class="alignnone size-medium wp-image-26082" src="https://sw-osterfeine.de/wp-content/uploads/2019/10/Screenshot_2019-10-09_162347-169x300.jpg" alt="" width="169" height="300" srcset="https://sw-osterfeine.de/wp-content/uploads/2019/10/Screenshot_2019-10-09_162347-169x300.jpg 169w, https://sw-osterfeine.de/wp-content/uploads/2019/10/Screenshot_2019-10-09_162347-768x1365.jpg 768w, https://sw-osterfeine.de/wp-content/uploads/2019/10/Screenshot_2019-10-09_162347-576x1024.jpg 576w, https://sw-osterfeine.de/wp-content/uploads/2019/10/Screenshot_2019-10-09_162347.jpg 1440w" sizes="(max-width: 169px) 100vw, 169px" /></a> <a href="https://sw-osterfeine.de/wp-content/uploads/2019/10/Screenshot_2019-10-09_162159.jpg" data-rel="lightbox-image-2" data-rl_title="" data-rl_caption="" title=""><img loading="lazy" decoding="async" class="alignnone size-medium wp-image-26084" src="https://sw-osterfeine.de/wp-content/uploads/2019/10/Screenshot_2019-10-09_162159-169x300.jpg" alt="" width="169" height="300" srcset="https://sw-osterfeine.de/wp-content/uploads/2019/10/Screenshot_2019-10-09_162159-169x300.jpg 169w, https://sw-osterfeine.de/wp-content/uploads/2019/10/Screenshot_2019-10-09_162159-768x1365.jpg 768w, https://sw-osterfeine.de/wp-content/uploads/2019/10/Screenshot_2019-10-09_162159-576x1024.jpg 576w, https://sw-osterfeine.de/wp-content/uploads/2019/10/Screenshot_2019-10-09_162159.jpg 1440w" sizes="(max-width: 169px) 100vw, 169px" /></a> <a href="https://sw-osterfeine.de/wp-content/uploads/2019/10/Screenshot_2019-10-09_162311-1.jpg" data-rel="lightbox-image-3" data-rl_title="" data-rl_caption="" title=""><img loading="lazy" decoding="async" class="alignnone size-medium wp-image-26085" src="https://sw-osterfeine.de/wp-content/uploads/2019/10/Screenshot_2019-10-09_162311-1-169x300.jpg" alt="" width="169" height="300" srcset="https://sw-osterfeine.de/wp-content/uploads/2019/10/Screenshot_2019-10-09_162311-1-169x300.jpg 169w, https://sw-osterfeine.de/wp-content/uploads/2019/10/Screenshot_2019-10-09_162311-1-768x1365.jpg 768w, https://sw-osterfeine.de/wp-content/uploads/2019/10/Screenshot_2019-10-09_162311-1-576x1024.jpg 576w, https://sw-osterfeine.de/wp-content/uploads/2019/10/Screenshot_2019-10-09_162311-1.jpg 1440w" sizes="(max-width: 169px) 100vw, 169px" /></a> <a href="https://sw-osterfeine.de/wp-content/uploads/2019/10/Screenshot_2019-10-09_162336.jpg" data-rel="lightbox-image-4" data-rl_title="" data-rl_caption="" title=""><img loading="lazy" decoding="async" class="alignnone size-medium wp-image-26086" src="https://sw-osterfeine.de/wp-content/uploads/2019/10/Screenshot_2019-10-09_162336-169x300.jpg" alt="" width="169" height="300" srcset="https://sw-osterfeine.de/wp-content/uploads/2019/10/Screenshot_2019-10-09_162336-169x300.jpg 169w, https://sw-osterfeine.de/wp-content/uploads/2019/10/Screenshot_2019-10-09_162336-768x1365.jpg 768w, https://sw-osterfeine.de/wp-content/uploads/2019/10/Screenshot_2019-10-09_162336-576x1024.jpg 576w, https://sw-osterfeine.de/wp-content/uploads/2019/10/Screenshot_2019-10-09_162336.jpg 1440w" sizes="(max-width: 169px) 100vw, 169px" /></a><br /> <br /><br /><br /><strong>Trainingszeiten:</strong><br />Wir trainieren in 1 Gruppe dienstags und donnerstags ab 19:00 Uhr. <br /><br /><strong>Interesse?</strong><br />Meldet euch einfach kurz via Whatsapp oder Telefon bei Abteilungsleiter Andreas Lange. <br />Jeder ist Herzlich Willkommen. <br /><br />Wir freuen uns auf Dich!</p>

<p>Ansprechpartner: Michael Brune Mobil:  Mattis Krimpenfort:  Mobil:    Informationen:&#8211; Die Dartabteilung gibt es seit Anfang 2019 &#8211; Mit 30 aktiven Dartern sind wir eine lustige, gemischte Truppe&#8211; Für Jung und Alt &#8211; Für Leute die wenig Zeit haben realisierbar (1x wöchentlich Training, alle 3 Wochen ca. ein Spiel) &#8211; Trainiert wird im alten und nun umgebauten Clubraum [&hellip;]</p>
