{"id":54,"date":"2008-12-17T19:00:56","date_gmt":"2008-12-17T18:00:56","guid":{"rendered":"http:\/\/sw-osterfeine.de\/?page_id=54"},"modified":"2021-10-28T14:09:55","modified_gmt":"2021-10-28T12:09:55","slug":"unser-verein","status":"publish","type":"page","link":"https:\/\/sw-osterfeine.de\/?page_id=54","title":{"rendered":"VEREIN"},"content":{"rendered":"<p><strong>Die Spielvereinigung Schwarz-Weiss Osterfeine von 1925 e. V. in K\u00fcrze:<\/strong><\/p>\n<ul>\n<li>gegr\u00fcndet 1925<\/li>\n<li>Vereinsfarben: schwarz-wei\u00df<\/li>\n<li>Mitglied im Kreissportbund Vechta<\/li>\n<li>Mitglied im Nieders\u00e4chsischen Fu\u00dfballverband<\/li>\n<li>1.623\u00a0 Mitglieder am 01.03.2019<\/li>\n<li>\u00fcber 1000 Mitglieder treiben w\u00f6chentlich Sport<\/li>\n<\/ul>\n<p><strong>Mannschaften:<\/strong><\/p>\n<ul>\n<li>4 Herren-Fu\u00dfballmannschaften<\/li>\n<li>1 Alte Herren Fu\u00dfballmannschaft<\/li>\n<li>1 Altliga Herren und 1 Superaltliga Fu\u00dfballmannschaft<\/li>\n<li>15 m\u00e4nnliche Jugendmannschaften im Fu\u00dfball<\/li>\n<li>17 aktive Turngruppen<\/li>\n<li>3 Damen Handball-Mannschaften<\/li>\n<li>10\u00a0 Jugend-Handballmannschaften<\/li>\n<\/ul>\n<p><strong>Allgemein:<\/strong><\/p>\n<ul>\n<li>j\u00e4hrlich \u00fcber 750 Pflicht- und Freundschaftsspiele<\/li>\n<li>\u00fcber 2000 Trainingseinheiten im Fu\u00df- und Handballbereich im Jahr<\/li>\n<li>ca. 1.000 \u00dcbungsstunden im Turnen jedes Jahr<\/li>\n<li>150 ehrenamtliche Kr\u00e4fte sind st\u00e4ndig im Einsatz f\u00fcr den OSV<\/li>\n<li>\u00a05 Mannschaften sind auf Bezirksebene aktiv:<\/li>\n<li>1.Herren Fu\u00dfball<\/li>\n<li>1. Damen Handball<\/li>\n<li>1. A-Jugend Fu\u00dfball<\/li>\n<li>alle Mannschaften spielen mit eigenen Kr\u00e4ften, d. h. alle Spieler entstammen der eigenen Jugend!<\/li>\n<li>zweckgebundene Verwendung vereinseigener Mittel,\u00a0\u00a0\u00a0\u00a0 z. B. f\u00fcr die Unterhaltung der Sportanlagen, F\u00f6rderungen der Jugendtrainer usw.<\/li>\n<li>4 \u00a0Fu\u00dfballrasenpl\u00e4tze, davon sind 3 mit Flutlicht und 2 Kleinspielfeldpl\u00e4tze<\/li>\n<li>2 Beachhandballpl\u00e4tze stehen zur Verf\u00fcgung<\/li>\n<li>Handball wird in der vereinseigenen Halle gespielt, erbaut 1973, renoviert in den Jahren 2003 und 2007<\/li>\n<li>Geturnt wird in der vereinseigenen Halle, im Gymnastikraum in der Sporthalle in Osterfeine und in der Sporthalle in R\u00fcschendorf<\/li>\n<li>Vereinsnummer: 084320<\/li>\n<li>Die Vereinszeitung \u201esw-aktuell\u201c erscheint zu jedem Heimspiel, Auflage: 100 Stck. und im Internet<\/li>\n<\/ul>\n","protected":false},"excerpt":{"rendered":"<p>Die Spielvereinigung Schwarz-Weiss Osterfeine von 1925 e. V. in K\u00fcrze: gegr\u00fcndet 1925 Vereinsfarben: schwarz-wei\u00df Mitglied im Kreissportbund Vechta Mitglied im Nieders\u00e4chsischen Fu\u00dfballverband 1.623\u00a0 Mitglieder am 01.03.2019 \u00fcber 1000 Mitglieder treiben w\u00f6chentlich Sport Mannschaften: 4 Herren-Fu\u00dfballmannschaften 1 Alte Herren Fu\u00dfballmannschaft 1 Altliga Herren und 1 Superaltliga Fu\u00dfballmannschaft 15 m\u00e4nnliche Jugendmannschaften im Fu\u00dfball 17 aktive Turngruppen 3 [&hellip;]<\/p>\n","protected":false},"author":3,"featured_media":0,"parent":0,"menu_order":1,"comment_status":"closed","ping_status":"closed","template":"","meta":{"footnotes":""},"_links":{"self":[{"href":"https:\/\/sw-osterfeine.de\/index.php?rest_route=\/wp\/v2\/pages\/54"}],"collection":[{"href":"https:\/\/sw-osterfeine.de\/index.php?rest_route=\/wp\/v2\/pages"}],"about":[{"href":"https:\/\/sw-osterfeine.de\/index.php?rest_route=\/wp\/v2\/types\/page"}],"author":[{"embeddable":true,"href":"https:\/\/sw-osterfeine.de\/index.php?rest_route=\/wp\/v2\/users\/3"}],"replies":[{"embeddable":true,"href":"https:\/\/sw-osterfeine.de\/index.php?rest_route=%2Fwp%2Fv2%2Fcomments&post=54"}],"version-history":[{"count":18,"href":"https:\/\/sw-osterfeine.de\/index.php?rest_route=\/wp\/v2\/pages\/54\/revisions"}],"predecessor-version":[{"id":29022,"href":"https:\/\/sw-osterfeine.de\/index.php?rest_route=\/wp\/v2\/pages\/54\/revisions\/29022"}],"wp:attachment":[{"href":"https:\/\/sw-osterfeine.de\/index.php?rest_route=%2Fwp%2Fv2%2Fmedia&parent=54"}],"curies":[{"name":"wp","href":"https:\/\/api.w.org\/{rel}","templated":true}]}}