{"id":74,"date":"2008-12-17T19:07:38","date_gmt":"2008-12-17T18:07:38","guid":{"rendered":"http:\/\/sw-osterfeine.de\/?page_id=74"},"modified":"2021-11-02T18:39:35","modified_gmt":"2021-11-02T17:39:35","slug":"ansprechpartner","status":"publish","type":"page","link":"https:\/\/sw-osterfeine.de\/?page_id=74","title":{"rendered":"Mitgliedschaft"},"content":{"rendered":"<p>Sport und Spiel in einer Gruppe durften schon viele Bewohner in Osterfeine, R\u00fcschendorf und Umgebung in Anspruch nehmen. Herausragend g\u00fcnstig ist dabei der finanzielle Beitrag f\u00fcr die Inanspruchnahme vieler Vereinsleistungen. Sport, Kameradschaft und Gesundheit f\u00fcr einen Jahresbeitrag, der nicht mal an den monatlichen Beitrag kommerzieller Anbietern heranreicht. M\u00f6glich ist dies nur, weil sich in Osterfeine und R\u00fcschendorf viele Leute ehrenamtlich f\u00fcr den Sportverein einsetzen und dabei einen (gro\u00dfen) Teil ihrer Freizeit einbringen.<\/p>\n<p><strong>Macht mit beim OSV!<\/strong><\/p>\n<p>Ob als aktiver Sportler, Trainer, Betreuer, \u00dcbungsleiter oder passives Mitglied &#8211; jeder ist in unserem Verein willkommen. Wirkt mit am Vereinsleben durch Eure ehrenamtliche T\u00e4tigkeit, unterst\u00fctzt uns durch Eure Mitgliedschaft oder helft uns durch Euren Einsatz &#8211; in welcher Form auch immer. Wir sind keine Profis und wollen es auch nicht sein, doch sind wir st\u00e4ndig bem\u00fcht uns zu verbessern und den Anspr\u00fcchen unserer Mitglieder gerecht zu werden. Anregungen, Hilfen und konstruktive Kritik nehmen wir jederzeit gerne entgegen.<\/p>\n<p><em>Jeder Verein ist nur so gut wie seine Mitglieder &#8211; und wir haben viele gute Mitglieder! <\/em><strong><br \/>\nWerde auch Du Mitglied im OSV.<\/strong><\/p>\n<p>Bernard Piening,<br \/>\n1. Vorsitzender<\/p>\n<p>Wenn Sie auch in unseren Sportverein eintreten m\u00f6chten, <a href=\"https:\/\/sw-osterfeine.de\/?page_id=715\">gelangen Sie hier zu unserer Beitrittserkl\u00e4rung!<\/a><\/p>\n<div data-canvas-width=\"26.71842241521265\"><span style=\"text-decoration: underline;\"><strong><span style=\"font-size: 12pt;\">Jahresbeitr\u00e4ge Spielvereinigung SW Osterfeine 1925 e.V.<\/span><\/strong><\/span><\/div>\n<div data-canvas-width=\"26.71842241521265\"><\/div>\n<table>\n<tbody>\n<tr>\n<td width=\"307\"><span style=\"text-decoration: underline;\"><strong>Mitglied<\/strong><\/span><\/td>\n<td width=\"307\"><span style=\"text-decoration: underline;\"><strong>Beitrag<\/strong><\/span><\/td>\n<\/tr>\n<tr>\n<td width=\"307\">Kinder bis 14 Jahren<\/td>\n<td width=\"307\">\u00a0 36,00 \u20ac<\/td>\n<\/tr>\n<tr>\n<td width=\"307\">Jugendliche bis 18 Jahren<\/td>\n<td width=\"307\">\u00a0 48,00 \u20ac<\/td>\n<\/tr>\n<tr>\n<td width=\"307\">Erwachsene passiv<\/td>\n<td width=\"307\">\u00a0 30,00 \u20ac<\/td>\n<\/tr>\n<tr>\n<td width=\"307\">Erwachsene aktiv<\/td>\n<td width=\"307\">\u00a0 78,00 \u20ac<\/td>\n<\/tr>\n<tr>\n<td width=\"307\">Familienbeitrag<\/td>\n<td width=\"307\">114,00 \u20ac<\/td>\n<\/tr>\n<\/tbody>\n<\/table>\n","protected":false},"excerpt":{"rendered":"<p>Sport und Spiel in einer Gruppe durften schon viele Bewohner in Osterfeine, R\u00fcschendorf und Umgebung in Anspruch nehmen. Herausragend g\u00fcnstig ist dabei der finanzielle Beitrag f\u00fcr die Inanspruchnahme vieler Vereinsleistungen. Sport, Kameradschaft und Gesundheit f\u00fcr einen Jahresbeitrag, der nicht mal an den monatlichen Beitrag kommerzieller Anbietern heranreicht. M\u00f6glich ist dies nur, weil sich in Osterfeine [&hellip;]<\/p>\n","protected":false},"author":3,"featured_media":0,"parent":54,"menu_order":104,"comment_status":"closed","ping_status":"closed","template":"","meta":{"footnotes":""},"_links":{"self":[{"href":"https:\/\/sw-osterfeine.de\/index.php?rest_route=\/wp\/v2\/pages\/74"}],"collection":[{"href":"https:\/\/sw-osterfeine.de\/index.php?rest_route=\/wp\/v2\/pages"}],"about":[{"href":"https:\/\/sw-osterfeine.de\/index.php?rest_route=\/wp\/v2\/types\/page"}],"author":[{"embeddable":true,"href":"https:\/\/sw-osterfeine.de\/index.php?rest_route=\/wp\/v2\/users\/3"}],"replies":[{"embeddable":true,"href":"https:\/\/sw-osterfeine.de\/index.php?rest_route=%2Fwp%2Fv2%2Fcomments&post=74"}],"version-history":[{"count":8,"href":"https:\/\/sw-osterfeine.de\/index.php?rest_route=\/wp\/v2\/pages\/74\/revisions"}],"predecessor-version":[{"id":29055,"href":"https:\/\/sw-osterfeine.de\/index.php?rest_route=\/wp\/v2\/pages\/74\/revisions\/29055"}],"up":[{"embeddable":true,"href":"https:\/\/sw-osterfeine.de\/index.php?rest_route=\/wp\/v2\/pages\/54"}],"wp:attachment":[{"href":"https:\/\/sw-osterfeine.de\/index.php?rest_route=%2Fwp%2Fv2%2Fmedia&parent=74"}],"curies":[{"name":"wp","href":"https:\/\/api.w.org\/{rel}","templated":true}]}}