{"id":82,"date":"2008-12-17T19:10:09","date_gmt":"2008-12-17T18:10:09","guid":{"rendered":"http:\/\/sw-osterfeine.de\/?page_id=82"},"modified":"2018-08-17T10:30:45","modified_gmt":"2018-08-17T08:30:45","slug":"kontakt","status":"publish","type":"page","link":"https:\/\/sw-osterfeine.de\/?page_id=82","title":{"rendered":"KONTAKT"},"content":{"rendered":"<div>\n<p>&nbsp;<\/p>\n<form action=\"\/index.php?rest_route=%2Fwp%2Fv2%2Fpages%2F82\" method=\"post\" name=\"form\">\n<dl>\n<dt>Name:<\/dt>\n<dd><input class=\"y_name\" type=\"text\" name=\"your_name\" size=\"30\" maxlength=\"50\" value=\"\" \/> (Pflichtfeld)<\/dd>\n<dt>E-Mailadresse: <\/dt>\n<dd><input class=\"y_email\" type=\"text\" name=\"email\" size=\"30\" maxlength=\"50\" value=\"\" \/> (Pflichtfeld)<\/dd>\n<dt>Internetseite: <\/dt>\n<dd><input type=\"text\" name=\"blog\" size=\"30\" maxlength=\"100\" value=\"\" \/><\/dd>\n<dt>Nachricht: <\/dt>\n<dd><textarea class=\"y_msg\" name=\"msg\" cols=\"35\" rows=\"8\" ><\/textarea><\/dd>\n<dd>\n        <input type=\"submit\" name=\"Submit\" value=\"Submit\" \/><br \/>\n        <input type=\"hidden\" name=\"stage\" value=\"process\" \/><br \/>\n        <input type=\"hidden\" name=\"pxscheck\" value=\"0ce3a5156acd304a50a1e6820db031e7\" \/>\n        <\/dd>\n<\/dl><\/form>\n<\/p><\/div>\n<div style=\"clear:both; height:1px;\">&nbsp;<\/div>\n<p>Hinweis: Mit dem Absenden des Kontaktformulars stimmen Sie zu, dass Ihre Angaben aus dem Kontaktformular zur Beantwortung Ihrer Anfrage erhoben und verarbeitet werden. \u2014 Die Daten werden nach abgeschlossener Bearbeitung der Anfrage gel\u00f6scht. Sie k\u00f6nnen Ihre Einwilligung jederzeit f\u00fcr die Zukunft per E-Mail an geschaeftsstelle@sw-osterfeine.de widerrufen. Detaillierte Informationen zum Umgang mit Nutzerdaten finden Sie in unserer Datenschutzerkl\u00e4rung.<\/p>\n","protected":false},"excerpt":{"rendered":"<p>&nbsp; Name: (Pflichtfeld) E-Mailadresse: (Pflichtfeld) Internetseite: Nachricht: &nbsp; Hinweis: Mit dem Absenden des Kontaktformulars stimmen Sie zu, dass Ihre Angaben aus dem Kontaktformular zur Beantwortung Ihrer Anfrage erhoben und verarbeitet werden. \u2014 Die Daten werden nach abgeschlossener Bearbeitung der Anfrage gel\u00f6scht. Sie k\u00f6nnen Ihre Einwilligung jederzeit f\u00fcr die Zukunft per E-Mail an geschaeftsstelle@sw-osterfeine.de widerrufen. Detaillierte [&hellip;]<\/p>\n","protected":false},"author":3,"featured_media":0,"parent":0,"menu_order":8,"comment_status":"closed","ping_status":"closed","template":"","meta":{"footnotes":""},"_links":{"self":[{"href":"https:\/\/sw-osterfeine.de\/index.php?rest_route=\/wp\/v2\/pages\/82"}],"collection":[{"href":"https:\/\/sw-osterfeine.de\/index.php?rest_route=\/wp\/v2\/pages"}],"about":[{"href":"https:\/\/sw-osterfeine.de\/index.php?rest_route=\/wp\/v2\/types\/page"}],"author":[{"embeddable":true,"href":"https:\/\/sw-osterfeine.de\/index.php?rest_route=\/wp\/v2\/users\/3"}],"replies":[{"embeddable":true,"href":"https:\/\/sw-osterfeine.de\/index.php?rest_route=%2Fwp%2Fv2%2Fcomments&post=82"}],"version-history":[{"count":11,"href":"https:\/\/sw-osterfeine.de\/index.php?rest_route=\/wp\/v2\/pages\/82\/revisions"}],"predecessor-version":[{"id":22573,"href":"https:\/\/sw-osterfeine.de\/index.php?rest_route=\/wp\/v2\/pages\/82\/revisions\/22573"}],"wp:attachment":[{"href":"https:\/\/sw-osterfeine.de\/index.php?rest_route=%2Fwp%2Fv2%2Fmedia&parent=82"}],"curies":[{"name":"wp","href":"https:\/\/api.w.org\/{rel}","templated":true}]}}